y + 20. Suppose -173 - 795 = -5*b + 2*j, -y*b + 773 = -3*j. Is b a prime number?
False
Let f be (137710/(-705))/((-24686)/(-24684) - 1). Is (-2)/21 + f/(-924) a composite number?
False
Let p(h) = h**2 - 5*h - 1. Let v be p(5). Let u = 3 - v. Suppose -u*w - 67 = -5*w + 5*t, -12 = -4*t. Is w prime?
False
Let x(b) = 46*b**3 - b**2 - 1. Let u be x(1). Let a = 893 - u. Suppose k = n + 1077, 0 = -k - 5*n + 240 + a. Is k a prime number?
False
Let g be 8/(-28) - (-778899)/7. Is (-19)/114 + (g/6 - 0) a prime number?
False
Suppose -7*t + 53 = 25. Suppose -t*b + 3*i = -13151, -b + 2284 + 1007 = -4*i. Is b prime?
False
Suppose -5*x + 87 - 77 = 0. Suppose -p + 41 = x*h, -3*h = -7*h + p + 97. Suppose -h*g + 130 = -21*g. Is g composite?
True
Let r(m) = 2*m**3 - 73*m**2 + 74*m + 246. Is r(53) prime?
False
Let c be 8*(21/49)/(8/(-14)). Let t(v) = -v**3 - 4*v**2 + 11*v - 5. Let x be t(c). Is (x*(-1068)/20)/(1/(-5)) a composite number?
True
Let l(v) = 17*v**3 - 23*v**2 + 52*v - 19. Is l(18) composite?
True
Suppose -18860 + 936684 = 32*p. Is p composite?
True
Suppose 5*g = -g - 18. Let n be (g/(-2))/(6/28). Is 0/(3 - n) + 1465 prime?
False
Suppose -v = -3*c + 5689 - 605, 0 = c - v - 1698. Is c a prime number?
True
Suppose -3*k + 6*k = 2*a + 31, -4*k + 33 = -a. Suppose 6195 = k*c - 26187. Is (2/(-2*1))/((-9)/c) a prime number?
False
Suppose -2*v = 2*v, 3*a - 2*v = -21. Let r(j) = 124*j**2 - 5*j + 10. Is r(a) composite?
False
Let a = -123400 + 315681. Is a composite?
True
Suppose 0 = 16*k - 8*k + 4080. Let c = 1399 + k. Is c prime?
False
Suppose 5*h - 4*r = -1455, 5*r - r - 582 = 2*h. Suppose 3*d - d = 3*p - 2340, -3*d = 5*p - 3919. Let y = p + h. Is y a composite number?
False
Let p(z) = z**3 + 42*z**2 - 374*z + 1. Is p(18) a prime number?
False
Suppose -w = -2*w. Suppose -5*y + 29380 = -5*a, -y - 4*a + 5891 = -w*y. Is y prime?
True
Suppose 3*s + 5*p - 105 = 0, -5*p + 27 = -4*s + 202. Suppose 37*z = s*z - 96. Is 8/z + 7014/8 a prime number?
True
Suppose -2*m = -0*m - 36. Let s be (-347)/(-5) + m/(-45). Is s/(-5 - -2)*-7 prime?
False
Let n(l) = -8455*l + 2159. Is n(-8) composite?
True
Suppose -4*r + 213266 = -4*p + 1055410, -5*r + 842081 = 4*p. Is p a prime number?
False
Let u(i) = -16*i + 17. Let a(l) = -6*l - 44. Let r be a(-16). Suppose -2*d + 10 = r. Is u(d) composite?
False
Let i be (-20 + -10 + 18)*18/(-8). Suppose 29*q - i*q = 3386. Is q composite?
False
Let j be (-4)/22 - (-915)/11. Let r(m) = -8 - 71*m - j*m + 173*m. Is r(9) a prime number?
True
Let k = -29739 - -71504. Is k composite?
True
Let c = -3718 + 11001. Is c composite?
False
Let f(y) = 22*y + 32. Let l be f(-2). Let h(g) = -614*g - 247. Is h(l) composite?
False
Let f be (4*(84/16)/7)/1. Suppose -f*z - 420 = 2766. Let v = -743 - z. Is v prime?
False
Suppose 0 = -32*m + 9*m - 23. Is (m/(-2))/((-8)/(-336944)) composite?
False
Let o be (-546)/(-27) - -3*(-4)/54. Let a = -21 + o. Let n(i) = 2392*i**2 + 1. Is n(a) a prime number?
True
Suppose -4*k = k + 5. Let o(m) = -1934*m**3 - 2*m**2 + 16*m - 7. Let l(t) = -967*t**3 - t**2 + 6*t - 3. Let p(q) = 5*l(q) - 2*o(q). Is p(k) prime?
True
Let x(a) = 4*a - 24. Let d be x(7). Is 21237/d + 5/(-20) a composite number?
False
Let w = 69783 - -145970. Is w composite?
False
Suppose h - 1327865 - 756431 = -3*x, x + 4*h - 694747 = 0. Is x composite?
True
Let h = 272756 - 795. Is h composite?
True
Let l be (9 + 96/(-10))*(-6 - -1). Suppose -4 = -4*x, f - x = x - 2. Suppose 3*a - 214 = -2*s + a, l*a - 12 = f. Is s a prime number?
True
Let v(c) = 2*c**3 - c**2 - 2*c + 2. Let z be v(-2). Let b be z/63 + (-1379)/(-9). Suppose q - b = 104. Is q a composite number?
False
Let k(o) = 4*o**3 + 2*o**2 + 1. Let j be (-40)/(-15) + (-6)/9. Let f be j*(0 + 2) - (0 - 2). Is k(f) a prime number?
True
Suppose 1021*j - 990*j - 2635279 = 0. Is j a composite number?
False
Suppose 846959 = 27*c + 56777. Is c a composite number?
True
Let b be (3/4)/(2/16*1). Let h be b/(-9) + (-1552)/(-6). Suppose -5*y + a + h + 1060 = 0, -2*a + 520 = 2*y. Is y composite?
False
Let a be ((-1882)/(-4))/(-1*(-3)/(-42)). Let h = -4285 - a. Is h a composite number?
True
Let h(s) = -26*s + 24. Let o be h(-5). Suppose -o = -10*x + 8*x. Is x composite?
True
Suppose -4*q - 5*o - 25 = 0, -2*q - 3 - 7 = 2*o. Let c(m) = -2*m**3 + m**2 + 1671. Is c(q) a prime number?
False
Let f(p) = -10586*p**3 - 32*p**2 - 79*p - 3. Is f(-4) prime?
False
Suppose 0 = -5*g + 2*n + 16, -4*g + 2 = -2*g - 3*n. Suppose 1102 = i - a, 0 = -2*i + i + g*a + 1105. Is i a composite number?
True
Let i = 1237107 + -698138. Is i composite?
True
Is (-20898185)/(-153) + 4/(-9) a composite number?
True
Let h(z) = 77*z**2 - 6*z - 6. Let o be 38/228*(1 + -7). Is h(o) a composite number?
True
Let b(o) = 8636*o**2 - 47*o + 151. Is b(4) composite?
False
Let m(q) = -91128*q - 1991. Is m(-4) a prime number?
True
Let k = 9526893 + -6553216. Is k a prime number?
False
Suppose 19*z + 134 = -531. Is 86244/42 + -1 - 20/z prime?
True
Let a(k) = -219*k - 60. Let m(y) = -y - 6. Let l(r) = a(r) - 4*m(r). Let x be (-2)/(-4) + (-22)/4. Is l(x) a composite number?
False
Is (15/(2100/122444))/((-2)/(-10)) a composite number?
False
Let h = 38 + -29. Suppose -h*j - 59980 = -13*j. Suppose -p - j = -6*p. Is p prime?
True
Let f(b) = 22*b - 79. Let x be f(14). Let v = x - -2268. Is v composite?
True
Let p be ((-35)/7 + 6)/((-2)/(-24870)). Suppose 25537 = 4*g - p. Is g a composite number?
True
Let v be (-6)/((-24)/(-135020))*4. Is v/(-8) + 6/(-12) composite?
True
Let h(v) = 2*v**2 + 51*v + 74. Let i be h(-26). Let j = i - -103. Is j a composite number?
True
Let m = -430639 - -1848930. Is m a composite number?
True
Is (-95 - -28358) + (-1 + -3)*-1 composite?
True
Suppose 0 = -4*k + w + 29915, k - 2*k + 7484 = -2*w. Suppose 4*i - 2198 = -k. Let r = 2033 + i. Is r a prime number?
False
Let l(a) = -a**2 + 35*a + 395. Let p be l(44). Suppose -3*q + 3*v - 12 = 0, -8 = 2*q + 2*v - v. Is p/((-1675)/(-419) + q) a prime number?
True
Suppose -20*k - 20 = -24*k. Suppose -5*s + 2*u = 63, k*u = -s + 4*u - 14. Let q(t) = -7*t - 12. Is q(s) prime?
True
Let s(f) be the second derivative of 0 + 7/2*f**2 + 7/3*f**4 + 0*f**3 + 14*f. Is s(-3) composite?
True
Is ((-7168676)/(-222))/(2 - 8/6) a composite number?
False
Let c = 427 - 148. Suppose 4*q - 1038 = -2*g, -q = g - 241 - c. Is g prime?
True
Is (-69698)/(-4)*2*(-7)/(-7) a composite number?
False
Suppose -u - 4*q = 0, -3*u + 0*u - q + 22 = 0. Suppose 2871 = o + u*o. Is o composite?
True
Is (69614/4)/((-112)/32 - -4) a prime number?
True
Let j be 4 + 5/(30/20574). Suppose 2*m - 3*h = 6845, j = -0*m + m + 2*h. Is m a composite number?
True
Let m(o) = -o**2 - 5*o + 1. Let a be m(-3). Let d(p) = 13*p**2 + 6*p - 13. Let x(q) = q**2. Let j(w) = 2*d(w) - 22*x(w). Is j(a) a prime number?
False
Suppose 0 = p + 3*j - 23, 5*j - 3*j - 10 = 0. Let h be p/(-28) + 5311/(-7). Let v = h + 2326. Is v a prime number?
True
Let r = 1027 + -445. Let z be (-275 - -22) + (0 - (-2 + 0)). Let m = z + r. Is m prime?
True
Let r be 147/(-42)*(-88)/14. Is (0 - r)*-2*2/8 a composite number?
False
Let u(r) = 366*r + 79. Let k be u(12). Suppose 266 = 3*o - k. Is o prime?
True
Let f be 35/(-175) + (-1342)/(-10). Let q = f - 131. Suppose b + s = -q*s + 237, -4*s = 4*b - 1008. Is b composite?
False
Let q(f) = 445*f - 1701. Is q(68) a composite number?
False
Let t(u) = -714*u + 26443. Is t(0) a composite number?
True
Suppose -4*m = -5*r - 667489, -500615 = -124*m + 121*m + 2*r. Is m a composite number?
False
Suppose 0 = -2*g + 3*g + 4*u - 758, 2*g - 1488 = -u. Suppose -s + g = -5*w, -5*w + 743 = 2*s - 816. Is s composite?
True
Let x = 945101 - 570544. Is x prime?
True
Suppose -2*n = f - 6*n - 21, -2*f - 3*n - 2 = 0. Suppose -3*x = -4*i - 7*x - 3876, f*x - 2883 = 3*i. Let k = i + 1453. Is k a prime number?
True
Let m = 62082 + -33121. Is m a composite number?
False
Let i = 13 + -11. Suppose i*z - 1535 = 3*z + 4*w, 4*z + 4*w + 6092 = 0. Let s = z + 2308. Is s composite?
True
Suppose 0 = -2*d - 4*m + 89218, -63*m = 5*d - 59*m - 223069. Is d prime?
True
Let r = 58 + -52. Suppose -x = 5*t - 928, 3*t - 9 = r*t. Is x prime?
False
Suppose -59*w + 38*w + 911967 = 0. Is w a composite number?
False
Let x(w) = 6*w**2 - 4*w + 1. Let a be x(1). Suppose 4*s = 3*o - 16628, -5*o + 27706 = 2*s 